  {"id":11940,"date":"2025-12-10T12:58:48","date_gmt":"2025-12-10T12:58:48","guid":{"rendered":"https:\/\/somcomunitats.coop\/?post_type=rest-ce-landing&#038;p=11928"},"modified":"2025-12-10T17:06:26","modified_gmt":"2025-12-10T17:06:26","slug":"errektrizitatea","status":"publish","type":"rest-ce-landing","link":"https:\/\/somcomunitats.coop\/es\/landing\/errektrizitatea\/","title":{"rendered":"Errektrizitatea"},"excerpt":{"rendered":"<p>Si quieres avanzar hacia un modelo de transici\u00f3n energ\u00e9tica en Bilbao, conoce Errektrizitatea. Nacemos en Rekalde pero con Bilbao como \u00e1mbito de trabajo, la asociaci\u00f3n Errektrizitatea ha sido creada para crear grupo y gestionar una Comunidad Energ\u00e9tica.<br \/>\nEn Errektrizitatea vamos a trabajar para avanzar en la soberan\u00eda energ\u00e9tica, para conseguir ahorros en tu factura, para avanzar hacia una econom\u00eda verde, circular y sostenible y para promover sistemas alternativos y renovables de producci\u00f3n de energ\u00eda local.<br \/>\nQueremos afrontar el futuro inmediato construyendo y materializando alternativas con herramientas que nos permitan colocarnos en situaci\u00f3n de autosuficiencia, de resilencia y de adaptaci\u00f3n medioambiental y social.<br \/>\nConoce  Errektrizitatea con el objetivo de mejorar Rekalde y Bilbao.<\/p>\n","protected":false},"featured_media":11937,"template":"","meta":[],"class_list":["post-11940","rest-ce-landing","type-rest-ce-landing","status-publish","has-post-thumbnail","hentry","rest-ce-type-citizen-es","rest-ce-assoc-type-non_profit-es","rest-ce-status-open-es","rest-ce-service-eficiencia-energetica-es","rest-ce-service-generacio-renovable-comunitatia"],"company_id":279,"translations":[],"_links":{"self":[{"href":"https:\/\/somcomunitats.coop\/es\/wp-json\/wp\/v2\/rest-ce-landing\/11940","targetHints":{"allow":["GET"]}}],"collection":[{"href":"https:\/\/somcomunitats.coop\/es\/wp-json\/wp\/v2\/rest-ce-landing"}],"about":[{"href":"https:\/\/somcomunitats.coop\/es\/wp-json\/wp\/v2\/types\/rest-ce-landing"}],"wp:featuredmedia":[{"embeddable":true,"href":"https:\/\/somcomunitats.coop\/es\/wp-json\/wp\/v2\/media\/11937"}],"wp:attachment":[{"href":"https:\/\/somcomunitats.coop\/es\/wp-json\/wp\/v2\/media?parent=11940"}],"curies":[{"name":"wp","href":"https:\/\/api.w.org\/{rel}","templated":true}]}}

<p>Si quieres avanzar hacia un modelo de transición energética en Bilbao, conoce Errektrizitatea. Nacemos en Rekalde pero con Bilbao como ámbito de trabajo, la asociación Errektrizitatea ha sido creada para crear grupo y gestionar una Comunidad Energética.<br />
En Errektrizitatea vamos a trabajar para avanzar en la soberanía energética, para conseguir ahorros en tu factura, para avanzar hacia una economía verde, circular y sostenible y para promover sistemas alternativos y renovables de producción de energía local.<br />
Queremos afrontar el futuro inmediato construyendo y materializando alternativas con herramientas que nos permitan colocarnos en situación de autosuficiencia, de resilencia y de adaptación medioambiental y social.<br />
Conoce  Errektrizitatea con el objetivo de mejorar Rekalde y Bilbao.</p>
