  {"id":5785,"date":"2024-01-24T16:02:45","date_gmt":"2024-01-24T16:02:45","guid":{"rendered":"https:\/\/somcomunitats.coop\/?post_type=rest-ce-landing&#038;p=5785"},"modified":"2025-07-14T16:54:45","modified_gmt":"2025-07-14T16:54:45","slug":"cooperativa-energetica-del-pedraforca","status":"publish","type":"rest-ce-landing","link":"https:\/\/somcomunitats.coop\/es\/landing\/cooperativa-energetica-del-pedraforca\/","title":{"rendered":"Cooperativa Energ\u00e8tica del Pedraforca"},"excerpt":{"rendered":"<p>Somos una cooperativa de consumo formada por vecinos y vecinas de Saldes y les Valls del Pedraforca que tenemos por objetivo producir y consumir energ\u00eda verde as\u00ed como tambi\u00e9n convertirse en un agente activo a la hora de contribuir a la transici\u00f3n energ\u00e9tica de las poblaciones de nuestro entorno m\u00e1s cercano.<\/p>\n","protected":false},"featured_media":6444,"template":"","meta":[],"class_list":["post-5785","rest-ce-landing","type-rest-ce-landing","status-publish","has-post-thumbnail","hentry","rest-ce-type-citizen-es","rest-ce-assoc-type-cooperative-es","rest-ce-status-open-es","rest-ce-status-open","rest-ce-service-eficiencia-energetica-es","rest-ce-service-generacio-renovable-comunitatia","rest-ce-service-subministrament-renovable","rest-ce-service-subministrament-renovable-es"],"company_id":111,"translations":[],"_links":{"self":[{"href":"https:\/\/somcomunitats.coop\/es\/wp-json\/wp\/v2\/rest-ce-landing\/5785","targetHints":{"allow":["GET"]}}],"collection":[{"href":"https:\/\/somcomunitats.coop\/es\/wp-json\/wp\/v2\/rest-ce-landing"}],"about":[{"href":"https:\/\/somcomunitats.coop\/es\/wp-json\/wp\/v2\/types\/rest-ce-landing"}],"wp:featuredmedia":[{"embeddable":true,"href":"https:\/\/somcomunitats.coop\/es\/wp-json\/wp\/v2\/media\/6444"}],"wp:attachment":[{"href":"https:\/\/somcomunitats.coop\/es\/wp-json\/wp\/v2\/media?parent=5785"}],"curies":[{"name":"wp","href":"https:\/\/api.w.org\/{rel}","templated":true}]}}

Cooperativa Energètica del Pedraforca

<p>Somos una cooperativa de consumo formada por vecinos y vecinas de Saldes y les Valls del Pedraforca que tenemos por objetivo producir y consumir energía verde así como también convertirse en un agente activo a la hora de contribuir a la transición energética de las poblaciones de nuestro entorno más cercano.</p>
