  {"id":6888,"date":"2024-07-17T16:08:36","date_gmt":"2024-07-17T16:08:36","guid":{"rendered":"https:\/\/somcomunitats.coop\/?post_type=rest-ce-landing&#038;p=6885"},"modified":"2025-07-14T16:55:44","modified_gmt":"2025-07-14T16:55:44","slug":"comunidad-energetica-local-de-valdepielagos","status":"publish","type":"rest-ce-landing","link":"https:\/\/somcomunitats.coop\/es\/landing\/comunidad-energetica-local-de-valdepielagos\/","title":{"rendered":"Comunidad Energ\u00e9tica Local de Valdepi\u00e9lagos"},"excerpt":{"rendered":"<p>La Comunidad Energ\u00e9tica Local (CEL) de Valdepi\u00e9lagos es una asociaci\u00f3n que tiene como principal funci\u00f3n el impulso de actividades en materia de energ\u00eda y de la que pueden formar parte, como socios, cualquier persona, pyme o entidad p\u00fablica del municipio.<\/p>\n<p>Estas actividades pueden abarcar numerosas ideas, como la generaci\u00f3n de energ\u00edas renovables, la compra y uso de veh\u00edculos el\u00e9ctricos de movilidad compartida, la creaci\u00f3n de grupos de ayuda y asesor\u00eda a personas en riesgo de pobreza energ\u00e9tica, el impulso de propuestas de rehabilitaci\u00f3n de edificios, etc.<\/p>\n<p>Todas ellas con el objetivo \u00faltimo de reducir las emisiones de CO2, ayudar en la econom\u00eda de las personas socias, e incentivar la soberan\u00eda energ\u00e9tica en la poblaci\u00f3n.<\/p>\n","protected":false},"featured_media":6886,"template":"","meta":[],"class_list":["post-6888","rest-ce-landing","type-rest-ce-landing","status-publish","has-post-thumbnail","hentry","rest-ce-type-citizen-es","rest-ce-assoc-type-non_profit-es","rest-ce-status-closed-es","rest-ce-service-generacio-renovable-comunitatia","rest-ce-service-mobilitat-sostenible-es"],"company_id":155,"translations":[],"_links":{"self":[{"href":"https:\/\/somcomunitats.coop\/es\/wp-json\/wp\/v2\/rest-ce-landing\/6888","targetHints":{"allow":["GET"]}}],"collection":[{"href":"https:\/\/somcomunitats.coop\/es\/wp-json\/wp\/v2\/rest-ce-landing"}],"about":[{"href":"https:\/\/somcomunitats.coop\/es\/wp-json\/wp\/v2\/types\/rest-ce-landing"}],"wp:featuredmedia":[{"embeddable":true,"href":"https:\/\/somcomunitats.coop\/es\/wp-json\/wp\/v2\/media\/6886"}],"wp:attachment":[{"href":"https:\/\/somcomunitats.coop\/es\/wp-json\/wp\/v2\/media?parent=6888"}],"curies":[{"name":"wp","href":"https:\/\/api.w.org\/{rel}","templated":true}]}}

Comunidad Energética Local de Valdepiélagos

<p>La Comunidad Energética Local (CEL) de Valdepiélagos es una asociación que tiene como principal función el impulso de actividades en materia de energía y de la que pueden formar parte, como socios, cualquier persona, pyme o entidad pública del municipio.</p>
<p>Estas actividades pueden abarcar numerosas ideas, como la generación de energías renovables, la compra y uso de vehículos eléctricos de movilidad compartida, la creación de grupos de ayuda y asesoría a personas en riesgo de pobreza energética, el impulso de propuestas de rehabilitación de edificios, etc.</p>
<p>Todas ellas con el objetivo último de reducir las emisiones de CO2, ayudar en la economía de las personas socias, e incentivar la soberanía energética en la población.</p>
