  {"id":10663,"date":"2025-05-29T14:38:00","date_gmt":"2025-05-29T14:38:00","guid":{"rendered":"https:\/\/somcomunitats.coop\/?post_type=rest-ce-coord&#038;p=10639"},"modified":"2025-06-04T11:57:38","modified_gmt":"2025-06-04T11:57:38","slug":"som-energia","status":"publish","type":"rest-ce-coord","link":"https:\/\/somcomunitats.coop\/eu\/coord\/som-energia\/","title":{"rendered":"Som Energia"},"excerpt":{"rendered":"<p>Som Energia \u00e9s una cooperativa de consum d\u2019energia verda sense \u00e0nim de lucre. Les nostres activitats principals s\u00f3n la comercialitzaci\u00f3 i la producci\u00f3 d\u2019energia d\u2019origen renovable. Estem compromesos a impulsar un canvi del model energ\u00e8tic actual per assolir un model 100% renovable en mans de la ciutadania.Producci\u00f3: Produ\u00efm energia el\u00e8ctrica en instal\u00b7lacions de generaci\u00f3 a partir de fonts renovables (sol, vent, biog\u00e0s, biomassa, etc.), finan\u00e7ades amb aportacions econ\u00f2miques volunt\u00e0ries dels socis.Comercialitzaci\u00f3 d\u2019electricitat verda: Gestionem, comprem i facturem l\u2019electricitat que usen els socis i s\u00f2cies que han volgut contractar-nos com a comercialitzadora d\u2019electricitat verda, segons els certificats de garantia d\u2019origen (CNMC). Particulars i empreses poden contractar la llum amb nosaltres sense haver de fer canvis t\u00e8cnics a la instal\u00b7laci\u00f3.Per qu\u00e8 som? Perqu\u00e8 l\u2019actual model energ\u00e8tic basat en combustibles f\u00f2ssils \u00e9s insostenible. Som Energia \u00e9s una comercialitzadora independent i compromesa a impulsar un model 100% renovable. La cooperativa est\u00e0 al servei dels socis i s\u00f2cies de manera eficient, transparent i responsable.Les s\u00f2cies de Som Energia som part de la cooperativa gr\u00e0cies a una aportaci\u00f3 inicial al capital social de 100\u20ac. Qualsevol particular, empresa o administraci\u00f3 p\u00fablica que comparteixi els valors de Som Energia pot unir-se a la cooperativa.<\/p>\n","protected":false},"featured_media":10659,"template":"","meta":[],"class_list":["post-10663","rest-ce-coord","type-rest-ce-coord","status-publish","has-post-thumbnail","hentry","rest-ce-type-citizen-eu","rest-ce-assoc-type-cooperative-eu","rest-ce-status-open-eu"],"company_id":4,"translations":[],"_links":{"self":[{"href":"https:\/\/somcomunitats.coop\/eu\/wp-json\/wp\/v2\/rest-ce-coord\/10663","targetHints":{"allow":["GET"]}}],"collection":[{"href":"https:\/\/somcomunitats.coop\/eu\/wp-json\/wp\/v2\/rest-ce-coord"}],"about":[{"href":"https:\/\/somcomunitats.coop\/eu\/wp-json\/wp\/v2\/types\/rest-ce-coord"}],"wp:featuredmedia":[{"embeddable":true,"href":"https:\/\/somcomunitats.coop\/eu\/wp-json\/wp\/v2\/media\/10659"}],"wp:attachment":[{"href":"https:\/\/somcomunitats.coop\/eu\/wp-json\/wp\/v2\/media?parent=10663"}],"curies":[{"name":"wp","href":"https:\/\/api.w.org\/{rel}","templated":true}]}}

<p>Som Energia és una cooperativa de consum d’energia verda sense ànim de lucre. Les nostres activitats principals són la comercialització i la producció d’energia d’origen renovable. Estem compromesos a impulsar un canvi del model energètic actual per assolir un model 100% renovable en mans de la ciutadania.Producció: Produïm energia elèctrica en instal·lacions de generació a partir de fonts renovables (sol, vent, biogàs, biomassa, etc.), finançades amb aportacions econòmiques voluntàries dels socis.Comercialització d’electricitat verda: Gestionem, comprem i facturem l’electricitat que usen els socis i sòcies que han volgut contractar-nos com a comercialitzadora d’electricitat verda, segons els certificats de garantia d’origen (CNMC). Particulars i empreses poden contractar la llum amb nosaltres sense haver de fer canvis tècnics a la instal·lació.Per què som? Perquè l’actual model energètic basat en combustibles fòssils és insostenible. Som Energia és una comercialitzadora independent i compromesa a impulsar un model 100% renovable. La cooperativa està al servei dels socis i sòcies de manera eficient, transparent i responsable.Les sòcies de Som Energia som part de la cooperativa gràcies a una aportació inicial al capital social de 100€. Qualsevol particular, empresa o administració pública que comparteixi els valors de Som Energia pot unir-se a la cooperativa.</p>
