  {"id":10690,"date":"2025-06-05T09:53:56","date_gmt":"2025-06-05T09:53:56","guid":{"rendered":"https:\/\/somcomunitats.coop\/?post_type=rest-ce-landing&#038;p=10683"},"modified":"2026-01-30T07:05:08","modified_gmt":"2026-01-30T07:05:08","slug":"kunkana","status":"publish","type":"rest-ce-landing","link":"https:\/\/somcomunitats.coop\/eu\/landing\/kunkana\/","title":{"rendered":"Kunkana"},"excerpt":{"rendered":"<p>Kunkana Comunitat d&#8217;Energia Renovables \u00e9s un projecte a nivell local, l&#8217;objectiu<br \/>\n del qual \u00e9s oferir els serveis i el suport necessaris a les associacions, entitats,<br \/>\ncomerciants i, en general, a la ciutadania de Lezo per a participar en projectes<br \/>\nenerg\u00e8tics. <br \/>\nConsiderant la cohesi\u00f3 i la interacci\u00f3 comunit\u00e0ria com un repte, el nostre objectiu<br \/>\n\u00e9s la transici\u00f3 energ\u00e8tica sostenible. A trav\u00e9s d&#8217;un model aut\u00f2nom, inclusiu i<br \/>\nequitatiu, volem identificar i satisfer les necessitats del moment. <br \/>\nA mesura que es formi la comunitat, desenvoluparem tot tipus de projectes.<br \/>\n<b>Vols participar?<\/b><\/p>\n","protected":false},"featured_media":11222,"template":"","meta":[],"class_list":["post-10690","rest-ce-landing","type-rest-ce-landing","status-publish","has-post-thumbnail","hentry","rest-ce-type-citizen-eu","rest-ce-assoc-type-cooperative-eu","rest-ce-status-open-eu","rest-ce-service-subministrament-renovable-eu","rest-ce-service-eficiencia-energetica-eu","rest-ce-service-formacio-ciutadana-eu","rest-ce-service-generacio-renovable-eu","rest-ce-service-mobilitat-sostenible-eu","rest-ce-service-compres-colectives-eu"],"company_id":206,"translations":[],"_links":{"self":[{"href":"https:\/\/somcomunitats.coop\/eu\/wp-json\/wp\/v2\/rest-ce-landing\/10690","targetHints":{"allow":["GET"]}}],"collection":[{"href":"https:\/\/somcomunitats.coop\/eu\/wp-json\/wp\/v2\/rest-ce-landing"}],"about":[{"href":"https:\/\/somcomunitats.coop\/eu\/wp-json\/wp\/v2\/types\/rest-ce-landing"}],"wp:featuredmedia":[{"embeddable":true,"href":"https:\/\/somcomunitats.coop\/eu\/wp-json\/wp\/v2\/media\/11222"}],"wp:attachment":[{"href":"https:\/\/somcomunitats.coop\/eu\/wp-json\/wp\/v2\/media?parent=10690"}],"curies":[{"name":"wp","href":"https:\/\/api.w.org\/{rel}","templated":true}]}}

<p>Kunkana Comunitat d&#8217;Energia Renovables és un projecte a nivell local, l&#8217;objectiu<br />
 del qual és oferir els serveis i el suport necessaris a les associacions, entitats,<br />
comerciants i, en general, a la ciutadania de Lezo per a participar en projectes<br />
energètics. <br />
Considerant la cohesió i la interacció comunitària com un repte, el nostre objectiu<br />
és la transició energètica sostenible. A través d&#8217;un model autònom, inclusiu i<br />
equitatiu, volem identificar i satisfer les necessitats del moment. <br />
A mesura que es formi la comunitat, desenvoluparem tot tipus de projectes.<br />
<b>Vols participar?</b></p>
