  {"id":10807,"date":"2025-06-17T12:28:05","date_gmt":"2025-06-17T12:28:05","guid":{"rendered":"https:\/\/somcomunitats.coop\/?post_type=rest-ce-landing&#038;p=10800"},"modified":"2025-08-01T09:08:46","modified_gmt":"2025-08-01T09:08:46","slug":"cel-guardia-pilosa","status":"publish","type":"rest-ce-landing","link":"https:\/\/somcomunitats.coop\/eu\/landing\/cel-guardia-pilosa\/","title":{"rendered":"CEL Gu\u00e0rdia Pilosa"},"excerpt":{"rendered":"<p>La Guardia Pilosa es una pedan\u00eda del municipio de Pujalt, en la Anoia.<br \/>\nLos vecinos y vecinas del pueblo apostamos por un futuro sostenible y compartido, y hemos dado un paso adelante incorporando la dimensi\u00f3n energ\u00e9tica a nuestra Asociaci\u00f3n, para acontecer tambi\u00e9n una Comunidad de Energ\u00eda Local (CIELO). Con la modificaci\u00f3n de los estatutos, hemos dotado el proyecto de la forma jur\u00eddica necesaria para darle solidez y continuidad.<br \/>\nComo primera gran hito hemos instalado una planta solar fotovoltaica de 68,8 kWp sobre terreno, que permite que 23 hogares y varios servicios municipales puedan hacer uso directo (autoconsumo) de la energ\u00eda generada colectivamente. De este modo cubrimos una parte significativa de nuestras necesidades de energ\u00eda el\u00e9ctrica con fuentes limpias y renovables.<\/p>\n","protected":false},"featured_media":10803,"template":"","meta":[],"class_list":["post-10807","rest-ce-landing","type-rest-ce-landing","status-publish","has-post-thumbnail","hentry","rest-ce-type-citizen-eu","rest-ce-assoc-type-non_profit-eu","rest-ce-status-open-eu","rest-ce-service-generacio-renovable-eu","rest-ce-service-mobilitat-sostenible-eu"],"company_id":212,"translations":[],"_links":{"self":[{"href":"https:\/\/somcomunitats.coop\/eu\/wp-json\/wp\/v2\/rest-ce-landing\/10807","targetHints":{"allow":["GET"]}}],"collection":[{"href":"https:\/\/somcomunitats.coop\/eu\/wp-json\/wp\/v2\/rest-ce-landing"}],"about":[{"href":"https:\/\/somcomunitats.coop\/eu\/wp-json\/wp\/v2\/types\/rest-ce-landing"}],"wp:featuredmedia":[{"embeddable":true,"href":"https:\/\/somcomunitats.coop\/eu\/wp-json\/wp\/v2\/media\/10803"}],"wp:attachment":[{"href":"https:\/\/somcomunitats.coop\/eu\/wp-json\/wp\/v2\/media?parent=10807"}],"curies":[{"name":"wp","href":"https:\/\/api.w.org\/{rel}","templated":true}]}}

CEL Guàrdia Pilosa

<p>La Guardia Pilosa es una pedanía del municipio de Pujalt, en la Anoia.<br />
Los vecinos y vecinas del pueblo apostamos por un futuro sostenible y compartido, y hemos dado un paso adelante incorporando la dimensión energética a nuestra Asociación, para acontecer también una Comunidad de Energía Local (CIELO). Con la modificación de los estatutos, hemos dotado el proyecto de la forma jurídica necesaria para darle solidez y continuidad.<br />
Como primera gran hito hemos instalado una planta solar fotovoltaica de 68,8 kWp sobre terreno, que permite que 23 hogares y varios servicios municipales puedan hacer uso directo (autoconsumo) de la energía generada colectivamente. De este modo cubrimos una parte significativa de nuestras necesidades de energía eléctrica con fuentes limpias y renovables.</p>
