  {"id":10847,"date":"2025-06-18T10:17:58","date_gmt":"2025-06-18T10:17:58","guid":{"rendered":"https:\/\/somcomunitats.coop\/?post_type=rest-ce-landing&#038;p=10839"},"modified":"2025-08-01T09:10:38","modified_gmt":"2025-08-01T09:10:38","slug":"torreblanca-ilumina","status":"publish","type":"rest-ce-landing","link":"https:\/\/somcomunitats.coop\/eu\/landing\/torreblanca-ilumina\/","title":{"rendered":"TORREBLANCA ILUMINA"},"excerpt":{"rendered":"<p>Situada en el barri de Torreblanca (Sevilla) al febrer 2021 constitu\u00efm l&#8217;associaci\u00f3 com a figura jur\u00eddica.<\/p>\n","protected":false},"featured_media":10843,"template":"","meta":[],"class_list":["post-10847","rest-ce-landing","type-rest-ce-landing","status-publish","has-post-thumbnail","hentry","rest-ce-type-citizen-eu","rest-ce-assoc-type-non_profit-eu","rest-ce-status-open-eu","rest-ce-service-eficiencia-energetica-eu","rest-ce-service-generacio-renovable-eu"],"company_id":213,"translations":[],"_links":{"self":[{"href":"https:\/\/somcomunitats.coop\/eu\/wp-json\/wp\/v2\/rest-ce-landing\/10847","targetHints":{"allow":["GET"]}}],"collection":[{"href":"https:\/\/somcomunitats.coop\/eu\/wp-json\/wp\/v2\/rest-ce-landing"}],"about":[{"href":"https:\/\/somcomunitats.coop\/eu\/wp-json\/wp\/v2\/types\/rest-ce-landing"}],"wp:featuredmedia":[{"embeddable":true,"href":"https:\/\/somcomunitats.coop\/eu\/wp-json\/wp\/v2\/media\/10843"}],"wp:attachment":[{"href":"https:\/\/somcomunitats.coop\/eu\/wp-json\/wp\/v2\/media?parent=10847"}],"curies":[{"name":"wp","href":"https:\/\/api.w.org\/{rel}","templated":true}]}}

<p>Situada en el barri de Torreblanca (Sevilla) al febrer 2021 constituïm l&#8217;associació com a figura jurídica.</p>
