  {"id":11106,"date":"2024-01-24T16:02:45","date_gmt":"2024-01-24T16:02:45","guid":{"rendered":"https:\/\/somcomunitats.coop\/?post_type=rest-ce-landing&#038;p=5782"},"modified":"2025-07-14T16:54:45","modified_gmt":"2025-07-14T16:54:45","slug":"cooperativa-energetica-del-pedraforca","status":"publish","type":"rest-ce-landing","link":"https:\/\/somcomunitats.coop\/eu\/landing\/cooperativa-energetica-del-pedraforca\/","title":{"rendered":"Cooperativa Energ\u00e8tica del Pedraforca"},"excerpt":{"rendered":"<p>Som una cooperativa de consum formada per ve\u00efns i ve\u00efnes de Saldes i les Valls del Pedraforca que tenim per objectiu produir i consumir energia verda aix\u00ed com tamb\u00e9 esdevenir un agent actiu a l\u2019hora de contribuir a la transici\u00f3 energ\u00e8tica de les poblacions del nostre entorn m\u00e9s proper.<\/p>\n","protected":false},"featured_media":9206,"template":"","meta":[],"class_list":["post-11106","rest-ce-landing","type-rest-ce-landing","status-publish","has-post-thumbnail","hentry","rest-ce-type-citizen-eu","rest-ce-assoc-type-cooperative-eu","rest-ce-status-open-eu","rest-ce-service-subministrament-renovable-eu","rest-ce-service-eficiencia-energetica-eu","rest-ce-service-generacio-renovable-eu"],"company_id":111,"translations":[],"_links":{"self":[{"href":"https:\/\/somcomunitats.coop\/eu\/wp-json\/wp\/v2\/rest-ce-landing\/11106","targetHints":{"allow":["GET"]}}],"collection":[{"href":"https:\/\/somcomunitats.coop\/eu\/wp-json\/wp\/v2\/rest-ce-landing"}],"about":[{"href":"https:\/\/somcomunitats.coop\/eu\/wp-json\/wp\/v2\/types\/rest-ce-landing"}],"wp:featuredmedia":[{"embeddable":true,"href":"https:\/\/somcomunitats.coop\/eu\/wp-json\/wp\/v2\/media\/9206"}],"wp:attachment":[{"href":"https:\/\/somcomunitats.coop\/eu\/wp-json\/wp\/v2\/media?parent=11106"}],"curies":[{"name":"wp","href":"https:\/\/api.w.org\/{rel}","templated":true}]}}

Cooperativa Energètica del Pedraforca

<p>Som una cooperativa de consum formada per veïns i veïnes de Saldes i les Valls del Pedraforca que tenim per objectiu produir i consumir energia verda així com també esdevenir un agent actiu a l’hora de contribuir a la transició energètica de les poblacions del nostre entorn més proper.</p>
