  {"id":11385,"date":"2025-08-26T12:12:51","date_gmt":"2025-08-26T12:12:51","guid":{"rendered":"https:\/\/somcomunitats.coop\/?post_type=rest-ce-landing&#038;p=11378"},"modified":"2025-09-08T15:10:55","modified_gmt":"2025-09-08T15:10:55","slug":"comunitat-energetica-mataro-1","status":"publish","type":"rest-ce-landing","link":"https:\/\/somcomunitats.coop\/eu\/landing\/comunitat-energetica-mataro-1\/","title":{"rendered":"Comunitat Energ\u00e8tica Matar\u00f3"},"excerpt":{"rendered":"<p>El nostre objectiu \u00e9s crear una comunitat energ\u00e8tica local a Matar\u00f3, capa\u00e7 d\u2019oferir productes i serveis energ\u00e8tics renovables i comunitaris que promoguin la sobirania energ\u00e8tica i la participaci\u00f3 ciutadana.<br \/>\nVolem ser una entitat referent a Matar\u00f3 que treballa per aconseguir la transici\u00f3 energ\u00e8tica en mans de la ciutadania.<\/p>\n","protected":false},"featured_media":11381,"template":"","meta":[],"class_list":["post-11385","rest-ce-landing","type-rest-ce-landing","status-publish","has-post-thumbnail","hentry","rest-ce-type-citizen-eu","rest-ce-assoc-type-cooperative-eu","rest-ce-status-open-eu","rest-ce-service-subministrament-renovable-eu","rest-ce-service-energia-termica-eu","rest-ce-service-eficiencia-energetica-eu","rest-ce-service-mobilitat-sostenible-eu","rest-ce-service-compres-colectives-eu"],"company_id":243,"translations":[],"_links":{"self":[{"href":"https:\/\/somcomunitats.coop\/eu\/wp-json\/wp\/v2\/rest-ce-landing\/11385","targetHints":{"allow":["GET"]}}],"collection":[{"href":"https:\/\/somcomunitats.coop\/eu\/wp-json\/wp\/v2\/rest-ce-landing"}],"about":[{"href":"https:\/\/somcomunitats.coop\/eu\/wp-json\/wp\/v2\/types\/rest-ce-landing"}],"wp:featuredmedia":[{"embeddable":true,"href":"https:\/\/somcomunitats.coop\/eu\/wp-json\/wp\/v2\/media\/11381"}],"wp:attachment":[{"href":"https:\/\/somcomunitats.coop\/eu\/wp-json\/wp\/v2\/media?parent=11385"}],"curies":[{"name":"wp","href":"https:\/\/api.w.org\/{rel}","templated":true}]}}

Comunitat Energètica Mataró

<p>El nostre objectiu és crear una comunitat energètica local a Mataró, capaç d’oferir productes i serveis energètics renovables i comunitaris que promoguin la sobirania energètica i la participació ciutadana.<br />
Volem ser una entitat referent a Mataró que treballa per aconseguir la transició energètica en mans de la ciutadania.</p>
