  {"id":11605,"date":"2025-10-16T13:19:46","date_gmt":"2025-10-16T13:19:46","guid":{"rendered":"https:\/\/somcomunitats.coop\/?post_type=rest-ce-landing&#038;p=11598"},"modified":"2026-04-01T12:50:05","modified_gmt":"2026-04-01T12:50:05","slug":"comunitat-energetica-d-arenys","status":"publish","type":"rest-ce-landing","link":"https:\/\/somcomunitats.coop\/eu\/landing\/comunitat-energetica-d-arenys\/","title":{"rendered":"Comunitat Energ\u00e8tica d&#8217;Arenys"},"excerpt":{"rendered":"<p>La nostra comunitat energ\u00e8tica neix de la uni\u00f3 dels grups motors de tots dos Arenys.<\/p>\n<p><strong>La nostra missi\u00f3 es fonamenta en els seg\u00fcents pilars:<\/strong><\/p>\n<ol>\n<li><strong>Reducci\u00f3 de l\u2019impacte ambiental:<\/strong> disminuir la petjada dels combustibles f\u00f2ssils.<\/li>\n<li><strong>Sobirania energ\u00e8tica:<\/strong> entenent l\u2019energia com un dret i no un negoci. La ciutadania promou i decideix.<\/li>\n<li><strong>Accessibilitat de l\u2019energia:<\/strong> garantir un servei p\u00fablic i de qualitat.<\/li>\n<li><strong>Consci\u00e8ncia ecosocial:<\/strong> consum responsable i foment de la xarxa social.<\/li>\n<\/ol>\n<p>\n<strong>Serveis de la nostra comunitat:<\/strong><\/p>\n<ul>\n<li><strong>Producci\u00f3 fotovoltaica compartida:<\/strong> instal\u00b7lacions en teulades per subministrar energia a llars i comer\u00e7os.<\/li>\n<li><strong>Mobilitat compartida:<\/strong> \u00fas de vehicle el\u00e8ctric amb diferents modalitats d\u2019usuari.<\/li>\n<li><strong>Programes d\u2019efici\u00e8ncia energ\u00e8tica<\/strong> a les llars i empreses.<\/li>\n<li><strong>Programes educatius.<\/strong><\/li>\n<\/ul>\n<p><\/p>\n<p><strong>Fase actual:<\/strong> cerca de teulada p\u00fablica a Arenys de Munt i privada a Arenys de Mar.<\/p>\n","protected":false},"featured_media":11601,"template":"","meta":[],"class_list":["post-11605","rest-ce-landing","type-rest-ce-landing","status-publish","has-post-thumbnail","hentry","rest-ce-type-citizen-eu","rest-ce-assoc-type-undefined-eu","rest-ce-status-open-eu","rest-ce-service-eficiencia-energetica-eu","rest-ce-service-formacio-ciutadana-eu","rest-ce-service-generacio-renovable-eu","rest-ce-service-mobilitat-sostenible-eu"],"company_id":247,"translations":[],"_links":{"self":[{"href":"https:\/\/somcomunitats.coop\/eu\/wp-json\/wp\/v2\/rest-ce-landing\/11605","targetHints":{"allow":["GET"]}}],"collection":[{"href":"https:\/\/somcomunitats.coop\/eu\/wp-json\/wp\/v2\/rest-ce-landing"}],"about":[{"href":"https:\/\/somcomunitats.coop\/eu\/wp-json\/wp\/v2\/types\/rest-ce-landing"}],"wp:featuredmedia":[{"embeddable":true,"href":"https:\/\/somcomunitats.coop\/eu\/wp-json\/wp\/v2\/media\/11601"}],"wp:attachment":[{"href":"https:\/\/somcomunitats.coop\/eu\/wp-json\/wp\/v2\/media?parent=11605"}],"curies":[{"name":"wp","href":"https:\/\/api.w.org\/{rel}","templated":true}]}}

Comunitat Energètica d&#8217;Arenys

<p>La nostra comunitat energètica neix de la unió dels grups motors de tots dos Arenys.</p>
<p><strong>La nostra missió es fonamenta en els següents pilars:</strong></p>
<ol>
<li><strong>Reducció de l’impacte ambiental:</strong> disminuir la petjada dels combustibles fòssils.</li>
<li><strong>Sobirania energètica:</strong> entenent l’energia com un dret i no un negoci. La ciutadania promou i decideix.</li>
<li><strong>Accessibilitat de l’energia:</strong> garantir un servei públic i de qualitat.</li>
<li><strong>Consciència ecosocial:</strong> consum responsable i foment de la xarxa social.</li>
</ol>
<p>
<strong>Serveis de la nostra comunitat:</strong></p>
<ul>
<li><strong>Producció fotovoltaica compartida:</strong> instal·lacions en teulades per subministrar energia a llars i comerços.</li>
<li><strong>Mobilitat compartida:</strong> ús de vehicle elèctric amb diferents modalitats d’usuari.</li>
<li><strong>Programes d’eficiència energètica</strong> a les llars i empreses.</li>
<li><strong>Programes educatius.</strong></li>
</ul>
<p></p>
<p><strong>Fase actual:</strong> cerca de teulada pública a Arenys de Munt i privada a Arenys de Mar.</p>
