  {"id":11654,"date":"2025-10-27T20:22:11","date_gmt":"2025-10-27T20:22:11","guid":{"rendered":"https:\/\/somcomunitats.coop\/?post_type=rest-ce-landing&#038;p=11637"},"modified":"2025-10-28T13:35:29","modified_gmt":"2025-10-28T13:35:29","slug":"comunidad-energetica-del-rio-monachil-cerm","status":"publish","type":"rest-ce-landing","link":"https:\/\/somcomunitats.coop\/eu\/landing\/comunidad-energetica-del-rio-monachil-cerm\/","title":{"rendered":"Comunidad Energ\u00e9tica del R\u00edo Monachil (CERM)"},"excerpt":{"rendered":"<p>La CERM se constituye en diciembre de 2020 como una de las primeras comunidades energ\u00e9ticas a nivel nacional gracias al desarrollo de la Oficina Municipal de la Energ\u00eda y al premio del Germinador Social de Som Energ\u00eda que permite desarrollar un proceso participativo y constituir la CE.<\/p>\n<p>En abril de 2021 se firma uno de los primeros convenios de cesi\u00f3n de cubiertas con un Ayuntamiento. Desde 2023 la CERM comparte energ\u00eda a trav\u00e9s de una primera instalaci\u00f3n en el Pabell\u00f3n Miraflores.<\/p>\n<p>En 2025 realizar una nueva instalaci\u00f3n y ampliar la base social. Ha auspiciado 2 Foros de Iniciativas de Transici\u00f3n Energ\u00e9tica desde la Econom\u00eda Social (nov-2021 y oct-2023).<\/p>\n","protected":false},"featured_media":11650,"template":"","meta":[],"class_list":["post-11654","rest-ce-landing","type-rest-ce-landing","status-publish","has-post-thumbnail","hentry","rest-ce-type-citizen-eu","rest-ce-assoc-type-non_profit-eu","rest-ce-status-open-eu","rest-ce-service-subministrament-renovable-eu","rest-ce-service-energia-termica-eu","rest-ce-service-eficiencia-energetica-eu","rest-ce-service-generacio-renovable-eu","rest-ce-service-compres-colectives-eu"],"company_id":253,"translations":[],"_links":{"self":[{"href":"https:\/\/somcomunitats.coop\/eu\/wp-json\/wp\/v2\/rest-ce-landing\/11654","targetHints":{"allow":["GET"]}}],"collection":[{"href":"https:\/\/somcomunitats.coop\/eu\/wp-json\/wp\/v2\/rest-ce-landing"}],"about":[{"href":"https:\/\/somcomunitats.coop\/eu\/wp-json\/wp\/v2\/types\/rest-ce-landing"}],"wp:featuredmedia":[{"embeddable":true,"href":"https:\/\/somcomunitats.coop\/eu\/wp-json\/wp\/v2\/media\/11650"}],"wp:attachment":[{"href":"https:\/\/somcomunitats.coop\/eu\/wp-json\/wp\/v2\/media?parent=11654"}],"curies":[{"name":"wp","href":"https:\/\/api.w.org\/{rel}","templated":true}]}}

Comunidad Energética del Río Monachil (CERM)

<p>La CERM se constituye en diciembre de 2020 como una de las primeras comunidades energéticas a nivel nacional gracias al desarrollo de la Oficina Municipal de la Energía y al premio del Germinador Social de Som Energía que permite desarrollar un proceso participativo y constituir la CE.</p>
<p>En abril de 2021 se firma uno de los primeros convenios de cesión de cubiertas con un Ayuntamiento. Desde 2023 la CERM comparte energía a través de una primera instalación en el Pabellón Miraflores.</p>
<p>En 2025 realizar una nueva instalación y ampliar la base social. Ha auspiciado 2 Foros de Iniciativas de Transición Energética desde la Economía Social (nov-2021 y oct-2023).</p>
