  {"id":11881,"date":"2025-12-10T11:19:48","date_gmt":"2025-12-10T11:19:48","guid":{"rendered":"https:\/\/somcomunitats.coop\/?post_type=rest-ce-landing&#038;p=11859"},"modified":"2025-12-10T11:19:55","modified_gmt":"2025-12-10T11:19:55","slug":"comunidad-energetica-local-de-quintanilla-de-arriba","status":"publish","type":"rest-ce-landing","link":"https:\/\/somcomunitats.coop\/eu\/landing\/comunidad-energetica-local-de-quintanilla-de-arriba\/","title":{"rendered":"Comunidad Energ\u00e9tica Local de Quintanilla de Arriba"},"excerpt":{"rendered":"<p>Despr\u00e9s d&#8217;unes jornades sobre Comunitats Energ\u00e8tiques, la gent es va adonar que al nostre poble tamb\u00e9 podr\u00edem crear una comunitat que prove\u00eds d&#8217;energia renovable la gent del nostre poble.<\/p>\n","protected":false},"featured_media":11877,"template":"","meta":[],"class_list":["post-11881","rest-ce-landing","type-rest-ce-landing","status-publish","has-post-thumbnail","hentry","rest-ce-type-citizen-eu","rest-ce-assoc-type-non_profit-eu","rest-ce-status-closed-eu","rest-ce-service-formacio-ciutadana-eu","rest-ce-service-generacio-renovable-eu"],"company_id":278,"translations":[],"_links":{"self":[{"href":"https:\/\/somcomunitats.coop\/eu\/wp-json\/wp\/v2\/rest-ce-landing\/11881","targetHints":{"allow":["GET"]}}],"collection":[{"href":"https:\/\/somcomunitats.coop\/eu\/wp-json\/wp\/v2\/rest-ce-landing"}],"about":[{"href":"https:\/\/somcomunitats.coop\/eu\/wp-json\/wp\/v2\/types\/rest-ce-landing"}],"wp:featuredmedia":[{"embeddable":true,"href":"https:\/\/somcomunitats.coop\/eu\/wp-json\/wp\/v2\/media\/11877"}],"wp:attachment":[{"href":"https:\/\/somcomunitats.coop\/eu\/wp-json\/wp\/v2\/media?parent=11881"}],"curies":[{"name":"wp","href":"https:\/\/api.w.org\/{rel}","templated":true}]}}

Comunidad Energética Local de Quintanilla de Arriba

<p>Després d&#8217;unes jornades sobre Comunitats Energètiques, la gent es va adonar que al nostre poble també podríem crear una comunitat que proveís d&#8217;energia renovable la gent del nostre poble.</p>
